[INFO] cloning repository https://github.com/Mortano/laz-rs-send-example
[INFO] running `Command { std: "git" "-c" "credential.helper=" "-c" "credential.helper=/workspace/cargo-home/bin/git-credential-null" "clone" "--bare" "https://github.com/Mortano/laz-rs-send-example" "/workspace/cache/git-repos/https%3A%2F%2Fgithub.com%2FMortano%2Flaz-rs-send-example", kill_on_drop: false }`
[INFO] [stderr] Cloning into bare repository '/workspace/cache/git-repos/https%3A%2F%2Fgithub.com%2FMortano%2Flaz-rs-send-example'...
[INFO] running `Command { std: "git" "rev-parse" "HEAD", kill_on_drop: false }`
[INFO] [stdout] 85c5fff8eb7d13fc86cc799a64bfc4e6ec3fa0ce
[INFO] building Mortano/laz-rs-send-example against master#ff34b919075f35a1787659e9c448a34b06bab8de for issue-85264
[INFO] running `Command { std: "git" "clone" "/workspace/cache/git-repos/https%3A%2F%2Fgithub.com%2FMortano%2Flaz-rs-send-example" "/workspace/builds/worker-1/source", kill_on_drop: false }`
[INFO] [stderr] Cloning into '/workspace/builds/worker-1/source'...
[INFO] [stderr] done.
[INFO] validating manifest of git repo https://github.com/Mortano/laz-rs-send-example on toolchain ff34b919075f35a1787659e9c448a34b06bab8de
[INFO] running `Command { std: "/workspace/cargo-home/bin/cargo" "+ff34b919075f35a1787659e9c448a34b06bab8de" "metadata" "--manifest-path" "Cargo.toml" "--no-deps", kill_on_drop: false }`
[INFO] started tweaking git repo https://github.com/Mortano/laz-rs-send-example
[INFO] finished tweaking git repo https://github.com/Mortano/laz-rs-send-example
[INFO] tweaked toml for git repo https://github.com/Mortano/laz-rs-send-example written to /workspace/builds/worker-1/source/Cargo.toml
[INFO] crate git repo https://github.com/Mortano/laz-rs-send-example already has a lockfile, it will not be regenerated
[INFO] running `Command { std: "/workspace/cargo-home/bin/cargo" "+ff34b919075f35a1787659e9c448a34b06bab8de" "fetch" "--manifest-path" "Cargo.toml", kill_on_drop: false }`
[INFO] [stderr]     Blocking waiting for file lock on package cache
[INFO] [stderr]     Blocking waiting for file lock on package cache
[INFO] running `Command { std: "docker" "create" "-v" "/var/lib/crater-agent-workspace/builds/worker-1/target:/opt/rustwide/target:rw,Z" "-v" "/var/lib/crater-agent-workspace/builds/worker-1/source:/opt/rustwide/workdir:ro,Z" "-v" "/var/lib/crater-agent-workspace/cargo-home:/opt/rustwide/cargo-home:ro,Z" "-v" "/var/lib/crater-agent-workspace/rustup-home:/opt/rustwide/rustup-home:ro,Z" "-e" "SOURCE_DIR=/opt/rustwide/workdir" "-e" "CARGO_TARGET_DIR=/opt/rustwide/target" "-e" "CARGO_HOME=/opt/rustwide/cargo-home" "-e" "RUSTUP_HOME=/opt/rustwide/rustup-home" "-w" "/opt/rustwide/workdir" "-m" "1610612736" "--user" "0:0" "--network" "none" "ghcr.io/rust-lang/crates-build-env/linux@sha256:20528e8c29e4536546f0102ce88568b16ea7538393a33fcca951030f7af10457" "/opt/rustwide/cargo-home/bin/cargo" "+ff34b919075f35a1787659e9c448a34b06bab8de" "metadata" "--no-deps" "--format-version=1", kill_on_drop: false }`
[INFO] [stdout] 3ec9359ae4bf09554e56a88947498cb25a047ad90a7cf221ab91e4b24e35f608
[INFO] [stderr] WARNING: Your kernel does not support swap limit capabilities or the cgroup is not mounted. Memory limited without swap.
[INFO] running `Command { std: "docker" "start" "-a" "3ec9359ae4bf09554e56a88947498cb25a047ad90a7cf221ab91e4b24e35f608", kill_on_drop: false }`
[INFO] running `Command { std: "docker" "inspect" "3ec9359ae4bf09554e56a88947498cb25a047ad90a7cf221ab91e4b24e35f608", kill_on_drop: false }`
[INFO] running `Command { std: "docker" "rm" "-f" "3ec9359ae4bf09554e56a88947498cb25a047ad90a7cf221ab91e4b24e35f608", kill_on_drop: false }`
[INFO] [stdout] 3ec9359ae4bf09554e56a88947498cb25a047ad90a7cf221ab91e4b24e35f608
[INFO] running `Command { std: "docker" "create" "-v" "/var/lib/crater-agent-workspace/builds/worker-1/target:/opt/rustwide/target:rw,Z" "-v" "/var/lib/crater-agent-workspace/builds/worker-1/source:/opt/rustwide/workdir:ro,Z" "-v" "/var/lib/crater-agent-workspace/cargo-home:/opt/rustwide/cargo-home:ro,Z" "-v" "/var/lib/crater-agent-workspace/rustup-home:/opt/rustwide/rustup-home:ro,Z" "-e" "SOURCE_DIR=/opt/rustwide/workdir" "-e" "CARGO_TARGET_DIR=/opt/rustwide/target" "-e" "CARGO_INCREMENTAL=0" "-e" "RUST_BACKTRACE=full" "-e" "RUSTFLAGS=--cap-lints=forbid" "-e" "CARGO_HOME=/opt/rustwide/cargo-home" "-e" "RUSTUP_HOME=/opt/rustwide/rustup-home" "-w" "/opt/rustwide/workdir" "-m" "1610612736" "--user" "0:0" "--network" "none" "ghcr.io/rust-lang/crates-build-env/linux@sha256:20528e8c29e4536546f0102ce88568b16ea7538393a33fcca951030f7af10457" "/opt/rustwide/cargo-home/bin/cargo" "+ff34b919075f35a1787659e9c448a34b06bab8de" "build" "--frozen" "--message-format=json", kill_on_drop: false }`
[INFO] [stdout] a9bb371b81eb46ab00f898cd8707716526ec7acd7932142f6a5d0af420a52799
[INFO] [stderr] WARNING: Your kernel does not support swap limit capabilities or the cgroup is not mounted. Memory limited without swap.
[INFO] running `Command { std: "docker" "start" "-a" "a9bb371b81eb46ab00f898cd8707716526ec7acd7932142f6a5d0af420a52799", kill_on_drop: false }`
[INFO] [stderr]    Compiling typenum v1.12.0
[INFO] [stderr]    Compiling libc v0.2.77
[INFO] [stderr]    Compiling byteorder v1.3.4
[INFO] [stderr]    Compiling proc-macro2 v0.4.30
[INFO] [stderr]    Compiling unicode-xid v0.1.0
[INFO] [stderr]    Compiling yansi v0.5.0
[INFO] [stderr]    Compiling version_check v0.9.2
[INFO] [stderr]    Compiling syn v0.15.44
[INFO] [stderr]    Compiling getrandom v0.1.15
[INFO] [stderr]    Compiling log v0.4.11
[INFO] [stderr]    Compiling opaque-debug v0.2.3
[INFO] [stderr]    Compiling subtle v2.3.0
[INFO] [stderr]    Compiling proc-macro2 v1.0.21
[INFO] [stderr]    Compiling byte-tools v0.3.1
[INFO] [stderr]    Compiling tinyvec v0.3.4
[INFO] [stderr]    Compiling bitflags v1.2.1
[INFO] [stderr]    Compiling matches v0.1.8
[INFO] [stderr]    Compiling version_check v0.1.5
[INFO] [stderr]    Compiling ppv-lite86 v0.2.9
[INFO] [stderr]    Compiling httparse v1.3.4
[INFO] [stderr]    Compiling unicode-xid v0.2.1
[INFO] [stderr]    Compiling fake-simd v0.1.2
[INFO] [stderr]    Compiling syn v1.0.41
[INFO] [stderr]    Compiling zeroize v1.1.1
[INFO] [stderr]    Compiling percent-encoding v1.0.1
[INFO] [stderr]    Compiling safemem v0.3.3
[INFO] [stderr]    Compiling typeable v0.1.2
[INFO] [stderr]    Compiling traitobject v0.1.0
[INFO] [stderr]    Compiling language-tags v0.2.2
[INFO] [stderr]    Compiling serde v1.0.116
[INFO] [stderr]    Compiling hashbrown v0.9.0
[INFO] [stderr]    Compiling memchr v2.3.3
[INFO] [stderr]    Compiling state v0.4.1
[INFO] [stderr]    Compiling smallvec v1.4.2
[INFO] [stderr]    Compiling glob v0.3.0
[INFO] [stderr]    Compiling uuid v0.8.1
[INFO] [stderr]    Compiling num-traits v0.2.12
[INFO] [stderr]    Compiling num-integer v0.1.43
[INFO] [stderr]    Compiling num-bigint v0.3.0
[INFO] [stderr]    Compiling indexmap v1.6.0
[INFO] [stderr]    Compiling num-iter v0.1.41
[INFO] [stderr]    Compiling num-rational v0.3.0
[INFO] [stderr]    Compiling block-padding v0.1.5
[INFO] [stderr]    Compiling unicode-bidi v0.3.4
[INFO] [stderr]    Compiling unicode-normalization v0.1.13
[INFO] [stderr]    Compiling unicase v1.4.2
[INFO] [stderr]    Compiling pear_codegen v0.1.4
[INFO] [stderr]    Compiling rocket_codegen v0.4.5
[INFO] [stderr]    Compiling rocket v0.4.5
[INFO] [stderr]    Compiling log v0.3.9
[INFO] [stderr]    Compiling mime v0.2.6
[INFO] [stderr]    Compiling quote v0.6.13
[INFO] [stderr]    Compiling base64 v0.9.3
[INFO] [stderr]    Compiling quote v1.0.7
[INFO] [stderr]    Compiling time v0.1.44
[INFO] [stderr]    Compiling num_cpus v1.13.0
[INFO] [stderr]    Compiling atty v0.2.14
[INFO] [stderr]    Compiling rand_core v0.5.1
[INFO] [stderr]    Compiling idna v0.1.5
[INFO] [stderr]    Compiling num-complex v0.3.0
[INFO] [stderr]    Compiling rand_chacha v0.2.2
[INFO] [stderr]    Compiling generic-array v0.12.3
[INFO] [stderr]    Compiling rand v0.7.3
[INFO] [stderr]    Compiling chrono v0.4.15
[INFO] [stderr]    Compiling block-cipher-trait v0.6.2
[INFO] [stderr]    Compiling universal-hash v0.3.0
[INFO] [stderr]    Compiling digest v0.8.1
[INFO] [stderr]    Compiling crypto-mac v0.7.0
[INFO] [stderr]    Compiling block-buffer v0.7.3
[INFO] [stderr]    Compiling aead v0.2.0
[INFO] [stderr]    Compiling aes-soft v0.3.3
[INFO] [stderr]    Compiling hmac v0.7.1
[INFO] [stderr]    Compiling polyval v0.3.3
[INFO] [stderr]    Compiling sha2 v0.8.2
[INFO] [stderr]    Compiling hkdf v0.8.0
[INFO] [stderr]    Compiling ghash v0.2.3
[INFO] [stderr]    Compiling url v1.7.2
[INFO] [stderr]    Compiling aes v0.3.2
[INFO] [stderr]    Compiling aes-gcm v0.5.0
[INFO] [stderr]    Compiling hyper v0.10.16
[INFO] [stderr]    Compiling cookie v0.11.3
[INFO] [stderr]    Compiling num v0.3.0
[INFO] [stderr]    Compiling toml v0.4.10
[INFO] [stderr]    Compiling thiserror-impl v1.0.20
[INFO] [stderr]    Compiling devise_core v0.2.0
[INFO] [stderr]    Compiling thiserror v1.0.20
[INFO] [stderr]    Compiling las v0.7.2
[INFO] [stderr]    Compiling devise_codegen v0.2.0
[INFO] [stderr]    Compiling devise v0.2.0
[INFO] [stderr]    Compiling pear v0.1.4
[INFO] [stderr]    Compiling rocket_http v0.4.5
[INFO] [stderr]    Compiling laz-rs-send-example v0.1.0 (/opt/rustwide/workdir)
[INFO] [stdout] error[E0412]: cannot find type `RocektState` in this scope
[INFO] [stdout]   --> src/main.rs:21:31
[INFO] [stdout]    |
[INFO] [stdout] 18 | type RocketState = Mutex<las::Reader>;
[INFO] [stdout]    | -------------------------------------- similarly named type alias `RocketState` defined here
[INFO] [stdout] ...
[INFO] [stdout] 21 | fn dummy_handler(state: State<RocektState>) -> u64 {
[INFO] [stdout]    |                               ^^^^^^^^^^^
[INFO] [stdout]    |
[INFO] [stdout] help: a type alias with a similar name exists
[INFO] [stdout]    |
[INFO] [stdout] 21 | fn dummy_handler(state: State<RocketState>) -> u64 {
[INFO] [stdout]    |                               ^^^^^^^^^^^
[INFO] [stdout] help: you might be missing a type parameter
[INFO] [stdout]    |
[INFO] [stdout] 21 | fn dummy_handler<RocektState>(state: State<RocektState>) -> u64 {
[INFO] [stdout]    |                 ^^^^^^^^^^^^^
[INFO] [stdout] 
[INFO] [stdout] 
[INFO] [stdout] error[E0412]: cannot find type `RocektState` in this scope
[INFO] [stdout]   --> src/main.rs:21:31
[INFO] [stdout]    |
[INFO] [stdout] 18 | type RocketState = Mutex<las::Reader>;
[INFO] [stdout]    | -------------------------------------- similarly named type alias `RocketState` defined here
[INFO] [stdout] ...
[INFO] [stdout] 21 | fn dummy_handler(state: State<RocektState>) -> u64 {
[INFO] [stdout]    |                               ^^^^^^^^^^^ help: a type alias with a similar name exists: `RocketState`
[INFO] [stdout] 
[INFO] [stdout] 
[INFO] [stdout] warning: unused import: `std::fs::File`
[INFO] [stdout]  --> src/main.rs:8:5
[INFO] [stdout]   |
[INFO] [stdout] 8 | use std::fs::File;
[INFO] [stdout]   |     ^^^^^^^^^^^^^
[INFO] [stdout]   |
[INFO] [stdout]   = note: `#[warn(unused_imports)]` on by default
[INFO] [stdout] 
[INFO] [stdout] 
[INFO] [stdout] error[E0277]: the trait bound `u64: Responder<'_>` is not satisfied
[INFO] [stdout]    --> src/main.rs:21:48
[INFO] [stdout]     |
[INFO] [stdout] 21  | fn dummy_handler(state: State<RocektState>) -> u64 {
[INFO] [stdout]     |                                                ^^^ the trait `Responder<'_>` is not implemented for `u64`
[INFO] [stdout]     | 
[INFO] [stdout]    ::: /opt/rustwide/cargo-home/registry/src/github.com-1ecc6299db9ec823/rocket-0.4.5/src/handler.rs:202:20
[INFO] [stdout]     |
[INFO] [stdout] 202 |     pub fn from<T: Responder<'r>>(req: &Request, responder: T) -> Outcome<'r> {
[INFO] [stdout]     |                    ------------- required by this bound in `handler::<impl Outcome<rocket::Response<'r>, rocket::http::Status, rocket::Data>>::from`
[INFO] [stdout] 
[INFO] [stdout] 
[INFO] [stdout] error[E0277]: `(dyn reader::PointReader + 'static)` cannot be sent between threads safely
[INFO] [stdout]   --> src/main.rs:32:10
[INFO] [stdout]    |
[INFO] [stdout] 32 |         .manage(Mutex::new(las_reader))
[INFO] [stdout]    |          ^^^^^^ `(dyn reader::PointReader + 'static)` cannot be sent between threads safely
[INFO] [stdout]    |
[INFO] [stdout]    = help: the trait `Send` is not implemented for `(dyn reader::PointReader + 'static)`
[INFO] [stdout]    = note: required because of the requirements on the impl of `Send` for `Unique<(dyn reader::PointReader + 'static)>`
[INFO] [stdout]    = note: required because it appears within the type `Box<(dyn reader::PointReader + 'static)>`
[INFO] [stdout]    = note: required because it appears within the type `las::Reader`
[INFO] [stdout]    = note: required because of the requirements on the impl of `Send` for `Mutex<las::Reader>`
[INFO] [stdout] 
[INFO] [stdout] 
[INFO] [stdout] error: aborting due to 4 previous errors; 1 warning emitted
[INFO] [stdout] 
[INFO] [stdout] 
[INFO] [stdout] Some errors have detailed explanations: E0277, E0412.
[INFO] [stdout] 
[INFO] [stdout] For more information about an error, try `rustc --explain E0277`.
[INFO] [stdout] 
[INFO] [stderr] error: could not compile `laz-rs-send-example`
[INFO] [stderr] 
[INFO] [stderr] To learn more, run the command again with --verbose.
[INFO] running `Command { std: "docker" "inspect" "a9bb371b81eb46ab00f898cd8707716526ec7acd7932142f6a5d0af420a52799", kill_on_drop: false }`
[INFO] running `Command { std: "docker" "rm" "-f" "a9bb371b81eb46ab00f898cd8707716526ec7acd7932142f6a5d0af420a52799", kill_on_drop: false }`
[INFO] [stdout] a9bb371b81eb46ab00f898cd8707716526ec7acd7932142f6a5d0af420a52799
